ive u(-10).
76
Let a(t) = -742*t - 11134. Determine a(-15).
-4
Let i(j) = -3380*j - 60981. What is i(-18)?
-141
Let v(j) = 806*j + 24189. Give v(-30).
9
Let v(w) = 617*w - 5891. Calculate v(9).
-338
Let o(t) = t + 902. Determine o(15).
917
Let y(v) = 105*v**3 + 1262*v**2 + 73*v + 577. Determine y(-12).
-11
Let f(g) = -4*g**3 - 258*g**2 - 368*g + 649. Calculate f(-63).
19
Let g(p) = -23*p**3 + 9915*p**2 - 860*p - 783. Calculate g(431).
79
Let r(v) = 13*v**3 + 142*v**2 + 226*v + 2195. Determine r(-11).
-412
Let w(v) = -v**3 + 153*v**2 - 146*v - 1327. Give w(152).
-415
Let m(k) = k**2 - 3382*k + 1015326. Give m(333).
9
Let l(h) = -2*h**2 - 77*h + 23. Give l(-11).
628
Let u(z) = -z**3 - 73*z**2 + 82*z + 616. Calculate u(-74).
24
Let y(i) = -3*i**3 - 977*i**2 - 1660*i - 12908. What is y(-324)?
52
Let l(i) = -i**2 + 2297*i + 137137. What is l(-58)?
547
Let j(l) = 31124*l - 249042. Give j(8).
-50
Let t(x) = -1096*x + 88793. Calculate t(81).
17
Let q(y) = -y**3 + 8*y**2 - 3*y - 411. Determine q(0).
-411
Let n(g) = 686916*g + 10990669. Determine n(-16).
13
Let b(k) = -k**3 - 55*k**2 + 806*k + 36601. Calculate b(-58).
-55
Let s(u) = -u**3 - 5*u**2 - 5*u + 6. Give s(-2).
4
Let o(t) = 3*t**3 + 115*t**2 + 14*t - 1087. Give o(-38).
-175
Let z(s) = -13*s**3 + 293*s**2 + 456*s + 165. Give z(-1).
15
Let r(b) = -b**3 + 49*b**2 - 436*b + 1730. Determine r(40).
-1310
Let t(f) = 18*f**3 - 86*f**2 - 279*f - 26. What is t(7)?
-19
Let h(y) = -3927*y + 35316. Determine h(9).
-27
Let x(g) = 50*g**2 - 10321*g - 16425. Give x(208).
7
Let w(n) = -138*n**2 + 4558*n - 27619. Determine w(8).
13
Let m(s) = 2732*s + 32716. What is m(-12)?
-68
Let i(s) = 2*s**2 + 124203*s + 496781. Determine i(-4).
1
Let k(g) = -16*g**2 + 1086*g + 1237. Give k(69).
-5
Let l(x) = -603*x - 3021. Give l(-5).
-6
Let n(w) = 4*w**2 + 89*w - 17. What is n(-31)?
1068
Let u(g) = -6*g**2 - 1676*g - 116767. Calculate u(-133).
7
Let n(k) = -5*k**2 + 452*k + 1538. Calculate n(94).
-154
Let g(r) = -16*r**2 - 330*r - 2642. What is g(-11)?
-948
Let n(u) = -81*u + 6929. What is n(66)?
1583
Let c(y) = -45628*y + 45661. Calculate c(1).
33
Let q(i) = -11328*i - 1110150. Calculate q(-98).
-6
Let g(m) = -m**3 + 362*m**2 - 347*m - 5068. Determine g(361).
-14
Let b(a) = 20*a**2 - 6646*a + 19735. Determine b(3).
-23
Let s(b) = -5586*b + 234603. Calculate s(42).
-9
Let z(p) = -56*p**3 - 772*p**2 - 2476*p + 23. Calculate z(-5).
103
Let j(k) = k**3 - 26*k**2 + 514*k - 6690. What is j(18)?
-30
Let v(n) = n**2 + 86*n + 835. What is v(-59)?
-758
Let x(a) = -166*a + 3744. Determine x(21).
258
Let y(h) = -30410*h + 121522. Calculate y(4).
-118
Let f(z) = 3507*z - 2171. Determine f(1).
1336
Let s(i) = 5*i**3 - 60*i**2 + 741*i - 9041. Calculate s(12).
-149
Let s(n) = 2*n**3 + 113*n**2 - 4295*n + 60. Calculate s(26).
-70
Let m(p) = 2*p**3 + 63*p**2 + 328*p - 2. Determine m(-24).
766
Let m(t) = 34*t**2 + 167*t - 15. Calculate m(-5).
0
Let y(p) = -p**3 + 28*p**2 - 110*p - 1277. Give y(15).
-2
Let v(b) = 3347*b**2 - 104*b - 92. Give v(-1).
3359
Let d(c) = 2*c**3 - c**2 - 2180*c + 21438. Determine d(11).
-1
Let o(l) = 2*l**3 - 5*l**2 + 95*l - 588. Give o(5).
12
Let w(i) = -273*i + 22679. Give w(83).
20
Let h(t) = t**3 - 8*t**2 - 1213*t + 140. Give h(39).
-16
Let j(n) = -n**3 - 10*n**2 + 126*n + 764. What is j(-15)?
-1
Let d(q) = -q**3 - 21*q**2 + q + 836. Calculate d(-19).
95
Let y(n) = -39029*n - 468323. What is y(-12)?
25
Let h(n) = -n**2 + 1859*n - 33157. Give h(18).
-19
Let l(z) = 444381*z + 23552192. Calculate l(-53).
-1
Let d(h) = -2*h**3 - 152*h**2 + 159*h - 238. Give d(-77).
-623
Let k(u) = -1255*u + 205823. Determine k(164).
3
Let v(x) = -2*x**2 - 686*x + 40170. Determine v(-394).
-18
Let p(f) = 821*f + 32145. Give p(-40).
-695
Let j(o) = -2247*o - 5684. Calculate j(-5).
5551
Let a(u) = 610*u**2 - 3275*u - 6959. Give a(7).
6
Let h(m) = 2*m**3 + 166*m**2 - 166*m + 184. Calculate h(-84).
16
Let z(k) = -k**3 - 179*k**2 - 1843*k + 401. Give z(-168).
-439
Let m(d) = d**3 - 2232*d**2 - 19972*d - 441483. Give m(2241).
-6
Let f(w) = 9*w**2 - 1138*w + 3597. Determine f(123).
-216
Let r(c) = 109*c**2 + 1955*c + 1756. Give r(-17).
22
Let v(o) = -47*o**3 - 391*o**2 - 29. Determine v(-8).
-989
Let g(j) = -565*j**3 - 9895*j**2 + 4951*j + 13. Calculate g(-18).
-5
Let y(j) = 4*j**2 - 2207*j + 131586. What is y(68)?
6
Let p(f) = -107967*f + 324035. What is p(3)?
134
Let z(t) = 69*t - 885. What is z(14)?
81
Let l(s) = s**3 + 85*s**2 + 508*s - 8356. Determine l(-77).
-40
Let x(u) = -u**3 - 188*u**2 - 10*u - 1884. What is x(-188)?
-4
Let h(r) = 47*r**2 - 24*r - 15. Calculate h(5).
1040
Let l(m) = 877*m + 27126. Give l(-31).
-61
Let m(v) = v**2 - 373*v + 1492. Give m(369).
16
Let b(y) = 19635*y - 608694. Determine b(31).
-9
Let w(f) = 7*f**2 - 4349*f + 14185. Determine w(618).
-29
Let r(y) = 308*y + 4162. Give r(-14).
-150
Let c(q) = -118426*q - 355277. Calculate c(-3).
1
Let f(g) = 2*g**2 - 176*g - 10634. What is f(133)?
1336
Let z(t) = 2*t**3 + 209*t**2 - 1453*t - 1178. What is z(-111)?
-68
Let h(t) = -1366*t + 772. Calculate h(1).
-594
Let d(a) = -3*a**3 - 320*a**2 + 1090*a - 1122. What is d(-110)?
-22
Let y(c) = -c**2 + 2189*c - 467766. Give y(240).
-6
Let f(l) = 30694*l + 122790. What is f(-4)?
14
Let g(m) = -17*m**2 - 800*m + 307208. Determine g(-160).
8
Let a(q) = 2*q**2 - 1430*q + 58291. Determine a(43).
499
Let x(j) = -j**3 + 44*j**2 - 63*j + 2613. Give x(44).
-159
Let s(z) = -z**3 - 37*z**2 + 461*z + 95. Calculate s(10).
5
Let a(x) = -9*x**3 + 8*x**2 + x + 15. Give a(3).
-153
Let m(s) = 22684*s - 431095. Determine m(19).
-99
Let r(p) = -10*p**2 + 2268*p + 2677. Determine r(228).
-59
Let p(l) = -52*l**2 + 164*l + 475. What is p(5)?
-5
Let v(m) = -3*m**3 - 262*m**2 - 91*m - 66. Determine v(-87).
282
Let x(z) = 518*z - 14130. Give x(27).
-144
Let h(a) = -473*a**2 + 37365*a + 263. What is h(79)?
105
Let i(a) = -31*a**2 + 598*a - 3357. What is i(19)?
-3186
Let y(h) = 64*h**3 + 2*h**2 + 4795*h - 4798. Calculate y(1).
63
Let i(d) = -2*d**3 + 2974*d**2 - 84579*d + 21889. Determine i(1458).
19
Let g(t) = -62475*t - 812170. Give g(-13).
5
Let n(k) = k**3 - 21*k**2 - 2163*k + 15833. Determine n(7).
6
Let a(o) = -57*o - 1890. What is a(-33)?
-9
Let b(g) = 34809*g + 1253462. Determine b(-36).
338
Let n(j) = -214*j + 1801. Give n(10).
-339
Let x(s) = -48*s**2 + 510*s + 219. What is x(11)?
21
Let c(a) = -a**3 + 122*a**2 + 12416*a - 1574. Determine c(188).
-70
Let q(y) = -101690*y + 25. Calculate q(0).
25
Let p(v) = 257*v**2 - 7711*v + 37. Calculate p(30).
7
Let t(y) = -43943*y - 87880. Give t(-2).
6
Let k(b) = 2*b**3 - 68*b**2 - 115*b - 3948. Determine k(37).
11
Let v(z) = -25*z**2 + 4046*z + 630. Determine v(162).
-18
Let f(d) = -331*d**3 + 12*d**2 + 16*d + 3. What is f(-1)?
330
Let p(z) = -16*z**3 - 174*z**2 + 23*z + 10. What is p(-11)?
-1
Let n(s) = s**2 - 305*s + 11196. What is n(35)?
1746
Let n(x) = -860*x + 18961. Give n(22).
41
Let a(b) = 6*b**3 + 358*b**2 - 201*b - 4885. Determine a(-60).
-25
Let d(o) = -451*o**2 - 1811*o - 13. Give d(-4).
15
Let l(y) = 3*y**2 - 31456*y + 157299. Determine l(5).
94
Let p(m) = 3685*m**2 + 22103*m - 20. Determine p(-6).
22
Let c(i) = -113975*i + 1823591. What is c(16)?
-9
Let p(w) = -3*w**2 - 7335*w - 43921. Give p(-6).
-19
Let u(x) = x**3 + 156*x**2 + 279*x - 4482. What is u(-154)?
-16
Let t(b) = 1117*b - 121815. Give t(109).
-62
Let r(a) = a**3 - 2*a**2 + 819*a + 2487. Determine r(-3).
-15
Let c(j) = j**3 - 46*j**2 + 118*j + 70. Give c(0).
70
Let r(d) = 19*d**3 - 435*d**2 - 44*d + 1422. Calculate r(23).
1468
Let l(y) = -7*y**2 + 60*y - 260. Determine l(4).
-132
Let f(g) = -2*g**2 - 38*g + 944. Determine f(14).
20
Let x(d) = -188*d**2 + 1062*d + 1752. Give x(7).
-26
Let i(f) = -f**3 + 22*f**2 - 86*f + 1209. Calculate i(19).
658
Let z(f) = 2*f**2 + 264*f - 3635. What is z(12)?
-179
Let f(w) = w**3 - 42*w**2 - 302*w + 287. Calculate f(-7).
0
Let m(q) = -3*q**3 - 303*q**2 - 578*q + 824. Give m(-99).
-760
Let x(m) = -579*m**2 + 19076*m + 993. Give x(33).
-30
Let q(l) = -25*l**3 + 5*l**2 + 20*l - 45. Give q(3).
-615
Let p(u) = 4*u**2 - 1050*u + 8169. Give p(8).
25
Let m(y) = -y**3 + 55*y**2 - 568*y - 265. Determine m(41).
-19
Let v(i) = -i**3 - 118*i**2 + 5*i - 423. Determine v(0).
-423
Let h(j) = 15324*j + 59